{"id":17882,"date":"2023-09-11T12:16:37","date_gmt":"2023-09-11T12:16:37","guid":{"rendered":"https:\/\/uniquemeditrade.com\/?post_type=product&#038;p=17882"},"modified":"2023-09-11T12:33:32","modified_gmt":"2023-09-11T12:33:32","slug":"bsc-12","status":"publish","type":"product","link":"https:\/\/praxisbd.com\/healthcare\/shop\/bsc-12\/","title":{"rendered":"BSC 12"},"content":{"rendered":"<ul>\n<li><strong><u>Features:<\/u><\/strong>\n<ul>\n<li>1&#8243; high resolution display Touch screen optional<\/li>\n<li>User customized NIBP measuring cycles up to 5-phase<\/li>\n<li>Versatile clinical calculations for application convenience<\/li>\n<li>9 traces on-screen waveforms and maximal up to 13<\/li>\n<li>Data export and software upgrade<\/li>\n<li>HL7 protocol, Bed to bed view and 12-lead\u00a0ECG\u00a0available<\/li>\n<\/ul>\n<p><strong><u>ECG<\/u><\/strong><\/p>\n<ul>\n<li>Input dynamic range: \u00b1(0.5mVp~5mVp)<\/li>\n<li>Differential input impedance: \u226510M\u03a9<\/li>\n<li>Bandwidth: 0.05~150Hz (Diagnostic)<\/li>\n<li>5~40Hz (Monitoring)<\/li>\n<li>1~20Hz (Operation)<\/li>\n<li>CMRR: \u226590dB (Diagnostic) \u2265105dB (Monitoring &amp; Operation)<\/li>\n<li>Sensitivity selection: \u00d71\/4, \u00d71\/2, \u00d71, \u00d72, \u00d74 and Auto<\/li>\n<li>Sweeping speed: 6.25mm\/s, 12.5mm\/s, 25mm\/s, 50mm\/s<\/li>\n<li>HR measuring range: 15~350bpm<\/li>\n<li>HR accuracy: \u00b11% or \u00b12bpm, whichever is greate Pacemaker pulse detection and rejection function<\/li>\n<\/ul>\n<p><strong><u>RESP<\/u><\/strong><\/p>\n<ul>\n<li>Measuring range: 0~120rpm<\/li>\n<li>Measuring accuracy: \u00b15% or \u00b12 rpm, whichever is greater<\/li>\n<\/ul>\n<p><strong><u>TEMP<\/u><\/strong><\/p>\n<ul>\n<li>Measuring range: 21.0~50.0\u00b0C<\/li>\n<li>Measuring accuracy: \u00b10.2\u00b0Cfrom 25~45\u00b0C<\/li>\n<\/ul>\n<p><strong><u>NIBP <\/u><\/strong><strong>\u00a0<\/strong><\/p>\n<ul>\n<li>Technique: Oscillometric method<\/li>\n<li>Typical measurement time: &lt;30 seconds (adult cuff) SYS: 40~275mmHg (Adult)<\/li>\n<li>NIBP measuring range: 40~200mmHg (Pediatric) 40~135mmHg (Neonate)<\/li>\n<li>DIA: 10~210mmHg (Adult)<\/li>\n<li>NIBP measuring range: 10~150mmHg (Pediatric) 10~95mmHg (Neonate)<\/li>\n<li>MAP: 20~230mmHg (Adult)<\/li>\n<li>NIBP measuring range: 20~165mmHg (Pediatric)<\/li>\n<li>20~110mmHg (Neonate)<\/li>\n<li>NIBP measuring accuracy: Mean difference: \u00b15mmHg<\/li>\n<li>Standard deviation: 8mmHg<\/li>\n<li>NIBP measurement mode: Manual, Auto, STAT, Multi-cycle mode<\/li>\n<li>Auto measuring intervals: 1-480min<\/li>\n<\/ul>\n<p><strong><u>\u00a0<\/u><\/strong><\/p>\n<p><strong><u>\u00a0<\/u><\/strong><\/p>\n<p><strong><u>SpO2<\/u><\/strong><\/p>\n<ul>\n<li>Technique: Dual-wavelength optical method<\/li>\n<li>Measuring range: 0%~100%<\/li>\n<li>Measuring accuracy: Arms is not greater than 2% for SpO2 range 70~100%.<\/li>\n<li>PR measuring range: 30~250bpm<\/li>\n<li>PR measuring accuracy: \u00b12bpm or \u00b12%, whichever is greater<\/li>\n<li>Low perfusion performance: As low as 0.3%.<\/li>\n<\/ul>\n<p><strong><u>CO2<\/u><\/strong><\/p>\n<ul>\n<li>Technique: Infrared optical method<\/li>\n<li>Sampling mode: Sidestream or Mainstream<\/li>\n<li>Measuring range: 0~150mmHg<\/li>\n<li>Measuring accuracy:<\/li>\n<li>0~40mmHg \u00b12mmHg<\/li>\n<li>41~70mmHg \u00b15% of reading<\/li>\n<li>71~100mmHg \u00b18% of reading<\/li>\n<li>101~150mmHg \u00b110% of reading<\/li>\n<li>Flow rate: 50ml\/min \u00b110 ml\/min (Sidestream)<\/li>\n<\/ul>\n<p><strong><u>Cerebral State Monitoring (CSM)<\/u><\/strong><\/p>\n<ul>\n<li>EEG sensitivity: \u00b1400\u00b5V<\/li>\n<li>Noise level: &lt;2\u00b5Vp-p, &lt;0.4\u00b5V rms (1~250Hz)<\/li>\n<li>CMRR: &gt;140dB<\/li>\n<li>Input impedance: &gt;50Mohm<\/li>\n<li>CSI and update: 0-100. filter: 6-42Hz, 1 sec. update<\/li>\n<li>EMG%: 0-100 (logarithmic)<\/li>\n<li>filter: 75-85 Hz, 1 sec. update.<\/li>\n<li>BS%: 0-100. filter: 2-42 Hz, 1 sec. update<\/li>\n<\/ul>\n<p><strong><u>IBP<\/u><\/strong><\/p>\n<ul>\n<li>Technique: Strain gauge transducer<\/li>\n<li>Input sensitivity: 5\u00b5V\/V\/mmHg<\/li>\n<li>Measuring range: -50~300mmHg<\/li>\n<li>Measuring accuracy: \u00b12% or \u00b14mmHg, whichever is greater<\/li>\n<li>Measuring positions: ART, RAP, PA, LAP, CVP<\/li>\n<li>ICP, AUXP1, AUXP2<\/li>\n<li>Calibration: zero calibrating<\/li>\n<\/ul>\n<p><strong><u>Cardiac Output (C.O.) <\/u><\/strong><\/p>\n<ul>\n<li>Blood temperature<\/li>\n<li>measuring: range: 23-43\u2103, accuracy: \u00b10.5\u2103<\/li>\n<li>Injecta temperature<\/li>\n<li>measuring: range: 0-20\u2103, accuracy: \u00b10.5\u2103<\/li>\n<li>Measuring range: 0.2~20 L\/min<\/li>\n<li>Measuring accuracy\uff1a \u00b10.2 L\/min or \u00b110%, whichever is greater<\/li>\n<\/ul>\n<p><strong><u>Other Specifications <\/u><\/strong><\/p>\n<ul>\n<li>Power supply: AC 100V-240V, 50\/60Hz, 60VA<\/li>\n<li>Built-in lithium battery: 11.1V\/4400mAh<\/li>\n<li>Display: 12.1 inch TFT display<\/li>\n<li>Alarming method: 3 levels audible-visible alarm<\/li>\n<li>Networking: Ethernet<\/li>\n<\/ul>\n<p><strong><u>Standard configuration:<\/u><\/strong> ECG, Respiration, SpO2, PR, NIBP, Temperature.<\/p>\n<p><strong><u>Options<\/u><\/strong>: 2-IBP, EtCO2, Nellcor SpO2, SunTech NIBP, 12-lead ECG Cardiac Output, Cerebral State Monitoring, CMS, Touch Screen.<\/p>\n<p>&nbsp;<\/p>\n<p><a href=\"https:\/\/uniquemeditrade.com\/wp-content\/uploads\/2023\/09\/BSC12.pdf\" target=\"_blank\" rel=\"noopener noreferrer\"><img decoding=\"async\" class=\"alignright wp-image-17858 size-full\" src=\"https:\/\/uniquemeditrade.com\/wp-content\/uploads\/2023\/09\/Screenshot_3411.jpg\" alt=\"\" width=\"178\" height=\"56\" \/><\/a><\/p>\n<p><strong><u>Quality Standard<\/u><\/strong>: US-FDA Certified.<\/li>\n<\/ul>\n<p>&nbsp;<\/p>\n","protected":false},"excerpt":{"rendered":"<p>Features: 1&#8243; high resolution display Touch screen optional User customized NIBP measuring cycles up to 5-phase Versatile clinical calculations for application convenience 9 traces on-screen waveforms and maximal up to 13 Data export and software upgrade HL7 protocol, Bed to bed view and 12-lead\u00a0ECG\u00a0available ECG Input dynamic range: \u00b1(0.5mVp~5mVp) Differential input impedance: \u226510M\u03a9 Bandwidth: 0.05~150Hz [&hellip;]<\/p>\n","protected":false},"featured_media":17883,"comment_status":"closed","ping_status":"closed","template":"","meta":[],"product_cat":[149,148],"product_tag":[150],"_links":{"self":[{"href":"https:\/\/praxisbd.com\/healthcare\/wp-json\/wp\/v2\/product\/17882"}],"collection":[{"href":"https:\/\/praxisbd.com\/healthcare\/wp-json\/wp\/v2\/product"}],"about":[{"href":"https:\/\/praxisbd.com\/healthcare\/wp-json\/wp\/v2\/types\/product"}],"replies":[{"embeddable":true,"href":"https:\/\/praxisbd.com\/healthcare\/wp-json\/wp\/v2\/comments?post=17882"}],"wp:featuredmedia":[{"embeddable":true,"href":"https:\/\/praxisbd.com\/healthcare\/wp-json\/wp\/v2\/media\/17883"}],"wp:attachment":[{"href":"https:\/\/praxisbd.com\/healthcare\/wp-json\/wp\/v2\/media?parent=17882"}],"wp:term":[{"taxonomy":"product_cat","embeddable":true,"href":"https:\/\/praxisbd.com\/healthcare\/wp-json\/wp\/v2\/product_cat?post=17882"},{"taxonomy":"product_tag","embeddable":true,"href":"https:\/\/praxisbd.com\/healthcare\/wp-json\/wp\/v2\/product_tag?post=17882"}],"curies":[{"name":"wp","href":"https:\/\/api.w.org\/{rel}","templated":true}]}}